 4) a composite number?
False
Suppose 34627 = 4*p - 5*i, 10*i - 5*i - 34677 = -4*p. Is p a composite number?
False
Let p = 127 + -19. Suppose -4*u + 1166 = -a, -4*a + p + 757 = 3*u. Is u a composite number?
True
Let r(o) be the first derivative of 73*o**2/2 - 35*o - 3. Is r(13) a prime number?
False
Suppose -2*c = -3*v - 19989, -c + 2*v = 1053 - 11045. Suppose -2*q + 308 = -c. Is q prime?
False
Suppose -8*i + 0 = -24. Suppose -1622 = -i*x + 1243. Is x a prime number?
False
Let y = -7 + 5. Suppose -t - 666 = 5*k, 0 = 5*t - 2*k + 604 + 2753. Is t/(-3) + y/3 prime?
True
Suppose -11 = -4*q - 3. Let r(b) = 2*b**2 + b**2 + 4*b**3 - 4*b + q - 6*b**2 - 3*b**3. Is r(4) a composite number?
False
Is 1 - 5 - 343670/(-10) prime?
False
Suppose -10 = s - 2. Let k(z) = -468*z + 41. Is k(s) a composite number?
True
Let c be (-4 - -4)/(-3) - -759. Let m = c + 160. Is m a prime number?
True
Suppose 5*p - 2*j - 21 = 0, -5*p + 2*p + 21 = -4*j. Suppose p*f = f + 290. Is f composite?
True
Suppose -4*d - 5*h + 4 = 0, 1 = 3*d - h - 2. Suppose -3 + d = y. Is (-3 - -4)/(y/(-586)) prime?
True
Let w be (2/3)/(26/6123). Suppose 3*s + 2*p - w = -24, 0 = -s + 4*p + 21. Suppose -s = -3*y + 16. Is y a prime number?
True
Let v(y) = -y**3 - 8*y**2 + 37*y - 5. Is v(-19) a composite number?
True
Let z be 6 - 4/((-4)/(-2)). Let l be (4*z/(-8))/(-2). Suppose -3*r + 1658 = -l. Is r prime?
False
Is (-1)/(-4) + (-302166)/(-72) a prime number?
False
Suppose p = -4*r + 15, 0 = -r + 6*r + 3*p - 24. Suppose -958 = -2*s - 5*m, -s + 619 = -r*m + 140. Is s prime?
True
Let m(u) = u**2 + 3*u + 2. Let v be m(-2). Suppose v = -s - 20 + 223. Is s prime?
False
Let t be 12/3 + 4 + -4. Suppose -3*m + 164 = x, 2*x + t*m = 107 + 219. Is x a prime number?
False
Suppose 2*x + 5*a = -181, -4*a - 241 = 2*x - 63. Let i = x + -90. Let h = -115 - i. Is h a composite number?
True
Let x(z) = 24*z**3 - 2*z**2 + 1. Let p be (-6)/24 + (-2)/(-8). Suppose p*k = 2*k - 2*n - 8, 3*n = -5*k - 4. Is x(k) a prime number?
True
Let l(g) = -3*g**3 - 24*g**2 - 22*g - 18. Let z(s) = 13*s**3 + 98*s**2 + 88*s + 71. Let m(q) = -9*l(q) - 2*z(q). Is m(-15) a prime number?
False
Let k(o) = -6 - 10*o**2 + 6*o**2 - 13*o**2 + 28 - 15*o - o**3. Let i be k(-16). Is i/(-8)*-4 - -23 a prime number?
False
Suppose -c = 54*o - 57*o - 7054, o - 7066 = -c. Is c composite?
True
Suppose -37 = -3*h - 5*n, -3*h + n + 0*n = -7. Is 4 + -5 + h - -316 prime?
False
Let a(n) = 2679*n**2 - 5*n + 3. Is a(-2) prime?
True
Let f = -93242 - -169365. Is f a composite number?
False
Let f(j) = j**3 + 4*j**2 + 2*j. Let o be f(-3). Let b(q) = -64*q**2 - 4*q + 6. Let i(k) = 3*k**2. Let y(a) = -b(a) - 3*i(a). Is y(o) prime?
False
Suppose 5*x - 2684 = 636. Let w = x - 441. Is w prime?
True
Let a = -9732 + 16987. Is a a composite number?
True
Let m(j) = -63*j - 5. Is m(-16) composite?
True
Let l = 29314 - 16995. Is l composite?
True
Suppose 5*o = -0*o + 5. Let s = o - -1. Suppose -n = u - 64, u + s*u + n - 194 = 0. Is u a composite number?
True
Is (-2 + 6405/14)/((-1)/(-2)) prime?
True
Let o = 17092 + -5415. Is o a composite number?
False
Let y(f) = 488*f**2 + f - 2. Let u = -45 - -46. Is y(u) a prime number?
True
Let m(x) = x**2 - x + 121. Let a be m(0). Suppose -2*g + 959 = a. Is g a prime number?
True
Is 450 - (1*4/(-4) - -4) prime?
False
Let h(z) = 8*z**2 - 3*z + 4. Let p = -1 - 8. Let r be (-25)/p - (-6)/27. Is h(r) prime?
True
Let x(d) = d**3 - 6*d**2 + 10*d - 5. Let o be x(4). Let q(i) = 72*i**2 + 258*i**2 - 2 - 2*i + o*i. Is q(1) prime?
False
Let z be (0 + 0)/(-1)*1. Suppose 91*c = 86*c. Suppose 4*i + 3*x - 193 = c, 150 = 3*i - z*i + 4*x. Is i a composite number?
True
Suppose 0 = -m - 3, -3*u + 3530 + 484 = 5*m. Let c = -302 + u. Is c prime?
False
Suppose 2*z - 5 = 35. Is (5305/z)/(2/8) composite?
False
Suppose -4*f + 52 = 2*v + 2*v, -5 = -v. Suppose f = -3*o + 32. Is (-2 + 45)*(-7 + o) prime?
True
Suppose 2*w + 0*j = -4*j + 8770, 8798 = 2*w - 3*j. Is w prime?
False
Let i(f) be the first derivative of 44*f**3 + f + 7. Let d be i(-1). Let m = d - -16. Is m composite?
False
Let f be 0/((-3 - -7)/(-4))*-1. Suppose 3*w - 5572 - 4559 = f. Is w a composite number?
True
Suppose 36*g + 1347 = 39*g. Suppose 3 + 6 = -3*y, 2*f - 3*y - g = 0. Suppose -5*z + 690 = f. Is z prime?
False
Let d(f) = f**2 - 3*f + 5. Let a be d(3). Suppose -a*j - 3217 = -3*u + 871, 0 = 3*j + u + 2450. Let o = j + 1236. Is o prime?
True
Suppose 4*s = 5*s - 2. Suppose -s*u = u - 12. Is 612/(8/2) - u a composite number?
False
Let i(z) = 18*z**3 - 11*z**2 + 16*z + 32. Is i(11) a composite number?
True
Let v(h) = 3*h + 25. Let l be v(-7). Suppose -2*u + 3543 = 5*w, 2*u + l*w = 7*u - 8775. Is u composite?
False
Let y(r) = r**2 + 34*r + 110. Let f be y(-33). Suppose 0*p = -4*p + 220. Let n = f - p. Is n composite?
True
Let d(v) = -v**3 + v**2. Let h be d(1). Let x be 60/330 + 31/11. Suppose 111 = x*p - h*p. Is p composite?
False
Let y(q) = -q**3 + 19*q**2 - 26*q - 27. Is y(13) composite?
True
Let x = 9450 - -17309. Is x a prime number?
True
Let h(n) = -115339*n**3 + 2*n**2 - 4*n - 6. Is h(-1) prime?
False
Suppose -9*z - 41 = -8*z. Let g = 276 - z. Is g a prime number?
True
Let u be 30311/(-102) - (-2)/12. Let p = 604 + u. Is p a prime number?
True
Let o = -3422 - -5061. Is o a prime number?
False
Suppose 5*b - 2*f - 5 = -0*f, -5*b + f = -10. Suppose 318 = 4*j - v - v, 3*v = -b. Is j a prime number?
True
Suppose 59 = 3*x + 62, 2*u + x - 9397 = 0. Is u composite?
True
Let h(n) = -n**2 - 41*n - 91. Is h(-26) a composite number?
True
Suppose 20*x + 462 = 14*x. Let j = x + 166. Is j prime?
True
Let s = 5438 + -3387. Is s composite?
True
Is ((-666)/(13 - 4))/((-2)/11) a prime number?
False
Let l(w) = 0 - 1 + 268*w**3 - 100*w**3 + 188*w**3 + w**2. Let g be l(1). Let n = 17 + g. Is n composite?
False
Let l be 20/(-25) + 18/10. Let p be (3/(-9))/(l/(-6)). Suppose -p*t + 250 + 2095 = 5*g, -g = -t - 462. Is g composite?
False
Suppose 4*b + 30 = -b. Let q be 5/(-10) + (-45)/b. Is q/7*262/2 a prime number?
True
Suppose 2*w = -5*n + 11, 5*w + 6*n - 4*n + 25 = 0. Let p(t) = t**3 + 7*t**2 - t - 3. Let h be p(w). Is (-1382)/(-4) - (-6)/h prime?
True
Let y(r) = -2*r**3 - r + 4. Let a be y(-3). Is a + (0 - (-3 + 7)) a composite number?
True
Let q be 6/(-9) - 35888/24. Let k be 1/(3/6) + -925. Let d = k - q. Is d prime?
False
Suppose 6 - 1 = v, 3*c + 4*v - 26 = 0. Suppose -117 - 641 = -c*s. Is s a prime number?
True
Is (-10747)/(-2) - (-60)/(-24) prime?
False
Suppose 2*u + 43*u - 1132515 = 0. Is u a composite number?
True
Let i be (-334)/(-2)*(-1 - -5). Let q = -197 - 154. Let n = i + q. Is n a prime number?
True
Let b(f) = -f + 19. Let d be b(17). Suppose -3*v + 320 = v - d*g, g = v - 81. Is v composite?
False
Let z(k) be the first derivative of -1/4*k**4 - 1 + k + 5/3*k**3 + 4*k**2. Is z(6) composite?
False
Suppose 9 + 11 = 5*n. Suppose 4*w - n + 0 = 0. Is ((-204)/8)/(w/(-2)) prime?
False
Let h = 22464 + -14315. Is h prime?
False
Let a(x) = 639*x + 6. Let q(u) = 959*u + 9. Let k(w) = 8*a(w) - 5*q(w). Let y be k(3). Suppose -y - 131 = -5*d. Is d composite?
True
Suppose 0 = -4*g - c + 281, 3*g + 8*c - 5*c = 222. Is g prime?
False
Let t(x) = -x**2 + x + 4. Let j be t(0). Suppose 0 = -5*k - 18 - 42. Is ((-243)/k + 2)*j a composite number?
False
Suppose -10*m = -13*m + 8817. Is m a composite number?
False
Let h(f) = 55*f - 9. Let l be h(6). Suppose 0 = -k - 5*q + l, 254 = -2*k - 3*q + 903. Is k prime?
False
Is -2 + -61*(7 - 478) prime?
True
Let n(x) = 134*x - 10. Let z be n(-8). Let y = 1719 + z. Suppose -5*r + 1008 = -y. Is r prime?
False
Is -4*(-5742)/264*(-631)/(-3) a composite number?
True
Let u = 33 + -19. Let l be (7/u)/(2/12). Suppose -l*x - 2*d = -0*x - 1871, 3*x - 5*d - 1864 = 0. Is x a composite number?
True
Let c(u) = -5*u**3 + u**2 - u + 89. Let n(r) = 4*r**3 - r**2 + r - 89. Let j(a) = -3*c(a) - 4*n(a). Let z be (-4)/(-6) + (-16)/24. Is j(z) a prime number?
True
Let z = -111 - -116. Is 632 + 5/(0 - z) composite?
False
Let q = -4573 + 2043. Is q/(-12) + 1/6 prime?
True
Let w = 10663 - 2336. Is w prime?
False
Suppose u = 5*b + 72972, -3*u + 8*b = 12*b - 219011. Is u composite?
False
Suppose -5*s + 6270 = -4*b - 4618, 2722 = -b + 3*s. Let g = -719 - b. Is g a prime number?
True
Let w = 9 + -6. Suppose 0 = -w*z 